922?
9
What is the ten millions digit of 576788493?
7
What is the units digit of 115034255?
5
What is the hundred thousands digit of 758396022?
3
What is the ten millions digit of 18605350?
1
What is the millions digit of 52409767?
2
What is the units digit of 12039111?
1
What is the millions digit of 34162341?
4
What is the thousands digit of 1433902697?
2
What is the hundred thousands digit of 196797081?
7
What is the hundred millions digit of 102112921?
1
What is the thousands digit of 4505456120?
6
What is the hundred thousands digit of 119484426?
4
What is the ten thousands digit of 86297692?
9
What is the millions digit of 3183839459?
3
What is the tens digit of 2015855781?
8
What is the tens digit of 116439799?
9
What is the thousands digit of 992783847?
3
What is the millions digit of 1303453530?
3
What is the ten millions digit of 490669110?
9
What is the thousands digit of 114636478?
6
What is the billions digit of 1003254499?
1
What is the millions digit of 2503613005?
3
What is the hundreds digit of 57851375?
3
What is the tens digit of 8666797?
9
What is the ten thousands digit of 3684877807?
7
What is the units digit of 221645831?
1
What is the ten thousands digit of 9742782?
4
What is the thousands digit of 214796868?
6
What is the hundreds digit of 701009268?
2
What is the ten thousands digit of 53848548?
4
What is the thousands digit of 44635743?
5
What is the ten millions digit of 2874477197?
7
What is the thousands digit of 3129341319?
1
What is the hundred thousands digit of 206378449?
3
What is the hundreds digit of 1398913617?
6
What is the ten thousands digit of 5754687045?
8
What is the units digit of 121556880?
0
What is the ten thousands digit of 10561270?
6
What is the hundred millions digit of 2188523081?
1
What is the units digit of 57231926?
6
What is the units digit of 34484643?
3
What is the millions digit of 252611469?
2
What is the ten millions digit of 89417156?
8
What is the ten millions digit of 29001046?
2
What is the units digit of 1801324253?
3
What is the millions digit of 936090018?
6
What is the millions digit of 1975542647?
5
What is the hundred millions digit of 677458343?
6
What is the units digit of 21855293?
3
What is the hundreds digit of 315440392?
3
What is the ten millions digit of 35842331?
3
What is the thousands digit of 227026105?
6
What is the tens digit of 37128524?
2
What is the ten millions digit of 707603740?
0
What is the hundreds digit of 1966516072?
0
What is the hundred millions digit of 2813367131?
8
What is the hundred millions digit of 3607796895?
6
What is the units digit of 1019333582?
2
What is the hundred thousands digit of 849733722?
7
What is the millions digit of 21459244?
1
What is the hundreds digit of 20832577?
5
What is the hundred millions digit of 2004883854?
0
What is the millions digit of 45407993?
5
What is the tens digit of 23993517?
1
What is the ten millions digit of 808937119?
0
What is the tens digit of 284881410?
1
What is the tens digit of 50511382?
8
What is the units digit of 593810444?
4
What is the tens digit of 2047477826?
2
What is the units digit of 462010313?
3
What is the hundred thousands digit of 879077765?
0
What is the hundreds digit of 85814532?
5
What is the thousands digit of 821447822?
7
What is the hundreds digit of 619756361?
3
What is the hundred millions digit of 163961135?
1
What is the thousands digit of 3831226999?
6
What is the units digit of 93712760?
0
What is the ten millions digit of 38623505?
3
What is the billions digit of 1559244039?
1
What is the millions digit of 189974542?
9
What is the hundred thousands digit of 4282197052?
1
What is the ten millions digit of 309450833?
0
What is the thousands digit of 104925210?
5
What is the thousands digit of 1890058279?
8
What is the ten millions digit of 51337509?
5
What is the thousands digit of 272977966?
7
What is the hundred thousands digit of 49643237?
6
What is the hundred thousands digit of 75217264?
2
What is the ten thousands digit of 101588228?
8
What is the ten thousands digit of 30055780?
5
What is the millions digit of 15368230?
5
What is the units digit of 1252753152?
2
What is the millions digit of 27629395?
7
What is the hundred thousands digit of 1248561874?
5
What is the ten millions digit of 48560639?
4
What is the thousands digit of 708852652?
2
What is the millions digit of 191602524?
1
What is the tens digit of 52791055?
5
What is the ten millions digit of 87736766?
8
What is the units digit of 53485997?
7
What is the tens digit of 4549119796?
9
What is the millions digit of 1046746039?
6
What is the hundred thousands digit of 68434035?
4
What is the hundred thousands digit of 782000?
7
What is the hundred millions digit of 629706165?
6
What is the ten thousands digit of 35277902?
7
What is the hundred millions digit of 370725162?
3
What is the ten thousands digit of 108893252?
9
What is the ten millions digit of 98094567?
9
What is the hundred thousands digit of 665092480?
0
What is the ten thousands digit of 124272208?
7
What is the hundred thousands digit of 157784337?
7
What is the thousands digit of 5593168163?
8
What is the hundred thousands digit of 134907196?
9
What is the hundred thousands digit of 444824871?
8
What is the ten millions digit of 84413046?
8
What is the units digit of 540450616?
6
What is the hundred thousands digit of 94997736?
9
What is the hundred thousands digit of 1911778478?
7
What is the thousands digit of 239002607?
2
What is the tens digit of 27538037?
3
What is the hundred millions digit of 1158978312?
1
What is the thousands digit of 734349569?
9
What is the hundreds digit of 1481071?
0
What is the tens digit of 2481846337?
3
What is the hundred thousands digit of 129328735?
3
What is the ten millions digit of 154325844?
5
What is the ten millions digit of 46119941?
4
What is the hundred thousands digit of 592062261?
0
What is the hundreds digit of 2197988887?
8
What is the hundreds digit of 30739500?
5
What is the hundred thousands digit of 386117249?
1
What is the hundred thousands digit of 2172071573?
0
What is the ten thousands digit of 1235074748?
7
What is the ten thousands digit of 3781104?
8
What is the hundreds digit of 25109936?
9
What is the hundreds digit of 695758272?
2
What is the tens digit of 200089326?
2
What is the ten millions digit of 135054439?
3
What is the millions digit of 12200953?
2
What is the thousands digit of 26664400?
4
What is the ten thousands digit of 27412297?
1
What is the hundreds digit of 1052195782?
7
What is the ten millions digit of 2811812771?
1
What is the millions digit of 99833353?
9
What is the thousands digit of 33364060?
4
What is the hundreds digit of 462692414?
4
What is the hundred thousands digit of 44066927?
0
What is the millions digit of 102201839?
2
What is the tens digit of 47485652?
5
What is the hundreds digit of 28875052?
0
What is the thousands digit of 214013727?
3
What is the units digit of 4771007802?
2
What is the hundreds digit of 86491714?
7
What is the hundred millions digit of 413080950?
4
What is the hundred millions digit of 649406482?
6
What is the ten millions digit of 24958791?
2
What is the thousands digit of 1339489406?
9
What is the hundred thousands digit of 1270336147?
3
What is the tens digit of 1838819851?
5
What is the hundreds digit of 398161533?
5
What is the ten thousands digit of 85630370?
3
What is the hundreds digit of 1370510469?
4
What is the units digit of 257572344?
4
What is the ten thousands digit of 160039404?
3
What is the millions digit of 743767828?
3
What is the hundreds digit of 194000555?
5
What is the millions digit of 24579695?
4
What is the hundreds digit of 96663079?
0
What is the millions digit of 7028539?
7
What is the hundreds digit of 947861233?
2
What is the ten millions digit of 389443645?
8
What is the millions digit of 37963404?
7
What is the tens digit of 2269945?
4
What is the hundred millions digit of 137183620?
1
What is the hundred thousands digit of 46142727?
1
What is the ten millions digit of 32116940?
3
What is the hundreds digit of 440500542?
5
What is the hundred millions digit of 276058391?
2
What is the ten thousands digit of 140831913?
3
What is the hundred thousands digit of 333210748?
2
What i